 and 13.
13
What is the greatest common factor of 920 and 260?
20
Calculate the highest common factor of 16 and 2000.
16
Calculate the greatest common factor of 141 and 329.
47
Calculate the highest common factor of 820 and 10865.
205
What is the highest common factor of 392 and 8?
8
What is the greatest common factor of 243 and 2025?
81
Calculate the highest common factor of 16961 and 7.
7
What is the greatest common divisor of 3417 and 255?
51
Calculate the highest common factor of 385 and 70.
35
What is the highest common factor of 3179 and 11?
11
Calculate the highest common divisor of 15 and 1335.
15
Calculate the highest common divisor of 744 and 48.
24
Calculate the greatest common factor of 40 and 2120.
40
Calculate the greatest common divisor of 4189 and 71.
71
What is the highest common factor of 208 and 32?
16
Calculate the highest common factor of 341 and 31.
31
Calculate the highest common factor of 1088 and 64.
64
Calculate the greatest common divisor of 2009 and 369.
41
What is the highest common divisor of 528 and 2178?
66
What is the greatest common divisor of 129 and 731?
43
Calculate the greatest common factor of 253 and 66.
11
Calculate the greatest common factor of 78 and 650.
26
What is the greatest common factor of 11 and 9?
1
Calculate the greatest common divisor of 2295 and 85.
85
What is the highest common factor of 258 and 12126?
258
What is the greatest common factor of 46 and 326?
2
Calculate the greatest common factor of 140 and 55.
5
Calculate the greatest common factor of 32 and 5392.
16
What is the highest common factor of 1719 and 18?
9
What is the greatest common factor of 148 and 2146?
74
What is the greatest common divisor of 3025 and 75?
25
Calculate the greatest common factor of 762 and 6.
6
What is the greatest common factor of 4736 and 8?
8
Calculate the highest common factor of 22 and 12.
2
Calculate the highest common divisor of 84 and 1428.
84
What is the greatest common divisor of 805 and 140?
35
Calculate the greatest common factor of 143 and 26.
13
Calculate the greatest common factor of 12 and 4.
4
Calculate the highest common divisor of 258 and 24.
6
Calculate the greatest common factor of 4313 and 2724.
227
What is the highest common factor of 12 and 528?
12
Calculate the greatest common factor of 43 and 14921.
43
Calculate the greatest common factor of 299 and 4393.
23
Calculate the highest common divisor of 680 and 160.
40
Calculate the greatest common divisor of 297 and 33.
33
Calculate the greatest common factor of 18 and 11754.
18
What is the highest common factor of 353 and 37?
1
Calculate the highest common factor of 6 and 878.
2
Calculate the greatest common factor of 800 and 25.
25
Calculate the greatest common factor of 15 and 1950.
15
What is the greatest common factor of 9 and 489?
3
Calculate the highest common factor of 60 and 4776.
12
What is the greatest common divisor of 475 and 325?
25
What is the highest common factor of 1138 and 2?
2
What is the greatest common factor of 7 and 161?
7
Calculate the highest common divisor of 192 and 1248.
96
Calculate the greatest common factor of 62 and 6169.
31
What is the highest common factor of 94 and 4?
2
Calculate the highest common factor of 360 and 16.
8
Calculate the greatest common factor of 96 and 147.
3
Calculate the highest common factor of 3 and 51.
3
What is the highest common divisor of 7672 and 112?
56
What is the greatest common divisor of 42 and 8652?
42
Calculate the greatest common divisor of 791 and 113.
113
What is the highest common factor of 644 and 9821?
161
What is the highest common factor of 5556 and 60?
12
Calculate the highest common factor of 103 and 1339.
103
Calculate the highest common factor of 3240 and 40.
40
What is the greatest common factor of 180 and 36?
36
Calculate the highest common divisor of 11025 and 675.
225
What is the greatest common divisor of 234 and 312?
78
Calculate the greatest common factor of 3171 and 189.
21
What is the highest common divisor of 147 and 1757?
7
Calculate the highest common factor of 20776 and 16.
8
What is the greatest common divisor of 520 and 65?
65
Calculate the greatest common factor of 18 and 17352.
18
Calculate the highest common factor of 216 and 2052.
108
What is the highest common divisor of 2 and 17?
1
What is the highest common divisor of 300 and 36?
12
Calculate the greatest common factor of 28141 and 107.
107
What is the highest common factor of 14 and 33880?
14
What is the greatest common divisor of 41 and 7913?
41
What is the highest common factor of 6045 and 26?
13
What is the greatest common factor of 2574 and 77?
11
Calculate the greatest common divisor of 38052 and 126.
126
Calculate the greatest common divisor of 162 and 216.
54
What is the greatest common divisor of 9045 and 135?
135
Calculate the highest common factor of 900 and 10.
10
Calculate the greatest common divisor of 141 and 8319.
141
Calculate the highest common factor of 130 and 20.
10
Calculate the highest common divisor of 78 and 39.
39
Calculate the greatest common divisor of 21 and 2016.
21
What is the highest common factor of 1215 and 90?
45
Calculate the greatest common factor of 378 and 162.
54
What is the greatest common divisor of 12 and 822?
6
Calculate the greatest common divisor of 16 and 92.
4
What is the highest common factor of 384 and 3504?
48
Calculate the highest common factor of 8 and 67.
1
Calculate the highest common factor of 21 and 387.
3
Calculate the greatest common factor of 12 and 5676.
12
Calculate the greatest common divisor of 16630 and 10.
10
Calculate the greatest common divisor of 27 and 333.
9
Calculate the greatest common divisor of 3267 and 81.
27
Calculate the highest common factor of 5405 and 23.
23
Calculate the highest common divisor of 114 and 96.
6
Calculate the greatest common divisor of 117 and 663.
39
Calculate the highest common divisor of 1701 and 27.
27
What is the greatest common factor of 27 and 4887?
27
Calculate the highest common factor of 672 and 144.
48
What is the highest common factor of 80 and 5?
5
Calculate the greatest common factor of 12 and 5112.
12
Calculate the greatest common factor of 132 and 15807.
33
Calculate the highest common factor of 216 and 32.
8
Calculate the greatest common divisor of 5195 and 10.
5
Calculate the greatest common factor of 20 and 8.
4
What is the highest common divisor of 588 and 192?
12
Calculate the greatest common factor of 2192 and 32.
16
Calculate the greatest common factor of 451 and 352.
11
What is the greatest common divisor of 426 and 1136?
142
Calculate the highest common divisor of 304 and 38.
38
Calculate the greatest common divisor of 2925 and 15.
15
What is the highest common factor of 5 and 226?
1
What is the highest common divisor of 60 and 210?
30
Calculate the greatest common factor of 2490 and 480.
30
What is the highest common divisor of 60 and 2388?
12
What is the greatest common factor of 10 and 3970?
10
Calculate the highest common factor of 38 and 80902.
38
What is the greatest common factor of 654 and 12?
6
Calculate the highest common factor of 72 and 48.
24
Calculate the greatest common divisor of 1472 and 92.
92
What is the highest common divisor of 1558 and 41?
41
Calculate the highest common divisor of 58 and 986.
58
Calculate the greatest common divisor of 1880 and 120.
40
What is the greatest common factor of 62 and 93?
31
What is the greatest common divisor of 1422 and 395?
79
What is the greatest common divisor of 20 and 64?
4
Calculate the greatest common divisor of 200 and 25.
25
What is the highest common factor of 1430 and 990?
110
What is the greatest common factor of 132 and 1716?
132
Calculate the greatest common divisor of 5 and 90.
5
What is the greatest common divisor of 50 and 80?
10
What is the highest common divisor of 7992 and 6?
6
Calculate the highest common divisor of 129 and 1333.
43
Calculate the greatest common divisor of 165 and 960.
15
Calculate the greatest common divisor of 10 and 4080.
10
Calculate the greatest common factor of 580 and 261.
29
Calculate the greatest common factor of 1656 and 3933.
207
What is the greatest common divisor of 21436 and 92?
92
Calculate the greatest common factor of 98 and 86.
2
What is the highest commo